y, -45662 = -2*y - 6*f + 3*f. What is the tens digit of y?
3
What is the hundreds digit of (50352000/275)/10 - (-4)/22?
3
Let q = -3002 + 8639. What is the thousands digit of q?
5
Let l = -2139 - -17673. What is the ten thousands digit of l?
1
Let v be 70*(-7)/((-70)/72). Suppose -7*k - v = -9*k. What is the units digit of k?
2
Let c = -220 - 3. Suppose 0 = -a - 2*a + 4*h - 61, -5*h - 25 = 0. Let y = a - c. What is the hundreds digit of y?
1
Let y be (-27)/(-15)*(5 - 0 - 0). What is the hundreds digit of 343/3 + (-5 + 2)/y?
1
Let w(a) = 4*a + 52. Let n be w(-11). Suppose n*h - 5933 = 619. Suppose -5*o - 329 = -h. What is the tens digit of o?
9
Let m(p) be the third derivative of 0 + 8/3*p**3 - 2*p**2 - 3/8*p**4 + 1/30*p**5 + 0*p. What is the tens digit of m(7)?
5
Let i = -18370 - -27759. What is the tens digit of i?
8
Let a = 30 - 24. Let h(t) = -t**3 + 6*t**2 + 26*t - 13. What is the units digit of h(a)?
3
Let m = -9953 + 14640. What is the units digit of m?
7
Let o = 56 + 211. Suppose 0 = a - 4*n - o, 3*n = 4*a - 1196 + 193. What is the hundreds digit of a?
2
Let j(x) = -17*x + 88. Let o be j(5). Suppose -o*q = -784 - 212. What is the tens digit of q?
3
Let k(g) = -8*g + 1. Let i be k(-2). Let n(v) = -119*v**2 - 2 - 126*v - 10 + 121*v**2 + 107*v. What is the units digit of n(i)?
3
Suppose 5*h + 119 = -61. Let a = -25 - h. Suppose a = t - 0. What is the units digit of t?
1
Suppose -12*w + 244 = -560. Suppose -w*d + 65*d = -3068. What is the units digit of d?
4
Suppose 0 = -2*y + 3 + 5. Let v(l) = 3*l - 8. Let j be v(y). Suppose 2*z = -4*q + 116, 5*z + j*q = 2*q + 258. What is the units digit of z?
0
Let q(a) = a**3 - 52*a**2 + 108*a + 70. Let t be q(51). Let d = -1991 + t. What is the units digit of d?
6
Let n(c) be the third derivative of c**5/30 - 16*c**2. Let v be n(-1). Suppose 5*a = v*x + 52 + 253, -183 = -3*a + 3*x. What is the units digit of a?
1
What is the hundreds digit of 6/(-12) - 42/8*-698?
6
Let o = 13392 + 7062. What is the hundreds digit of o?
4
Let j(t) = -4*t**2 + 18*t - 12. Let f be j(12). Let d = 653 + f. What is the tens digit of d?
8
Let j = -2233 - -988. Let b = -592 - j. What is the units digit of b?
3
Let a = 6282 + -3868. What is the thousands digit of a?
2
Suppose 5*v = 3*b + 104, b - 2*v = -0*b - 33. What is the tens digit of b/7*(6 - 13)?
4
Suppose 0 = 740*t - 19935546 - 12459434. What is the hundreds digit of t?
7
Suppose 12*l + 54436 = -6*l + 228496. What is the units digit of l?
0
Let z(m) be the first derivative of -2*m**2 + 4*m + 4. Let g be z(2). What is the tens digit of g + (-3)/3*-66?
6
Suppose -175*s + 1946248 = 367923. What is the tens digit of s?
1
Let u(a) = -54*a + 68. Let x(y) = 28*y - 33. Let m(z) = 2*u(z) + 5*x(z). What is the hundreds digit of m(26)?
8
What is the tens digit of (4/(-6))/((-8)/24948)?
7
Let c = -15419 - -23184. What is the hundreds digit of c?
7
Suppose 5986 = 2*a - 183*i + 186*i, 3*a - 8977 = -4*i. What is the units digit of a?
7
Let p be (48/15 + -3)*(-1 - -11256). Suppose 3*u = 5*z + p, 2*u + 2*z + 0*z - 1490 = 0. What is the hundreds digit of u?
7
Let j(t) = 750*t - 10. What is the units digit of j(10)?
0
What is the thousands digit of (-65656)/(-192)*4 - 1/(-6)?
1
Suppose -32 = -2*k + 4. Suppose 5*b - 4025 = -k*b. What is the units digit of b?
5
Let d be (-2)/(3*8/(-36)). Let r(b) = 12*b**3 + b**2 + 8*b - 3. What is the hundreds digit of r(d)?
3
Suppose -3*v + 2*k - 1424 - 7193 = 0, 5*v = 4*k - 14359. Let i = v - -1961. What is the tens digit of i/(-7) - -6*6/84?
3
Suppose 11*k + 6059 - 3459 = 131245. What is the thousands digit of k?
1
Let t = -3577 - -8244. What is the hundreds digit of t?
6
Suppose -4*d - 3*d = -14. Let w(p) = -4*p + 5. Let t be w(d). What is the units digit of 151*(t - (-8)/2)?
1
Let u(f) = 9*f**2 - 8*f + 21. Let x be u(7). Let y = -309 + x. What is the units digit of y?
7
Let c(h) be the first derivative of 2*h + 1/3*h**3 + 1/2*h**2 + 1. What is the units digit of c(-1)?
2
Suppose 1045 = -48*h + 53*h. Let v = h - 23. What is the units digit of v?
6
Let f(u) = -u**3 - 2*u**2 - u - 6. Let r be f(0). Let n = -3 - r. Suppose n*j - 88 = 98. What is the tens digit of j?
6
Suppose -5*j - 4*r = -74430, r - 6*r + 59553 = 4*j. Suppose -18*x + 4*x + j = 0. What is the tens digit of x?
6
Let h(i) = -3*i**2 + 29*i + 10. Let n be h(10). Suppose -4*o = -o - 78. Suppose n = -s + 55 + o. What is the tens digit of s?
8
Let o(f) = f**2 - 24*f + 49. Let n = 52 + -54. Let d(t) = 3*t**2 - 48*t + 98. Let c(u) = n*d(u) + 5*o(u). What is the units digit of c(-22)?
3
Suppose -18*v - 273060 = -55*v. What is the hundreds digit of v?
3
Let y = -844 - -444. What is the tens digit of y/75*(79/(-2) + -1)?
1
Suppose 0 = -2*w - 4*i + 1984, -i - 3*i = w - 992. Suppose -5*s = -w - 938. Suppose -587 = -7*f + s. What is the hundreds digit of f?
1
Let w(a) = -12*a - 7*a - 8*a - 9*a + 20*a + 41. What is the hundreds digit of w(-30)?
5
Let r = 42 - -19. Suppose r*g + 28 = 59*g. Let t = 29 + g. What is the tens digit of t?
1
Let h = -22189 + 42669. What is the ten thousands digit of h?
2
Let b(y) = 5*y + 3*y - y + 589. What is the units digit of b(0)?
9
Let k = 112 - 107. Suppose 37 = 3*b - 4*d, -k*b = -2*b - 3*d - 33. What is the units digit of b?
7
Let b = -12 + -1. Let q = -14 - b. Let r = q - -22. What is the tens digit of r?
2
Let q(v) be the first derivative of 4*v**3/3 + 11*v**2/2 + 3*v + 30. Let g be q(11). Let p = g + -422. What is the units digit of p?
6
Let p = 265 + -73. Let j(t) = -t**3 + 16*t**2 - 21*t - 10. Let i be j(15). Let x = i + p. What is the tens digit of x?
9
Let t(f) = -f**3 + 3*f**2 - 4*f + 6. Let h be t(3). Let s(v) = -v**3 - v**2 + 8*v + 12. What is the tens digit of s(h)?
4
Suppose -v + 3415 + 2160 = 3*t, 2*v = -3*t + 11138. What is the units digit of v?
3
Let n = 280 + -742. Let x = n - -935. What is the hundreds digit of x?
4
Let x = 1454 + 2607. Suppose 97 = 7*k - x. What is the units digit of k?
4
Let h(t) = t**2 + 27*t + 28. Let u be h(-18). Let v = 404 - u. What is the hundreds digit of v?
5
Let w = 109 + -142. Let c = 26 + w. Let s(i) = -i**3 - 2*i**2 + 14*i + 9. What is the tens digit of s(c)?
5
Suppose -y - a = -721 - 68618, 0 = y + 4*a - 69312. What is the tens digit of y?
4
Let x(j) = -j - 8. Let z be x(-4). Let k be 3*z/(-6) - -1. Suppose -4*c + 268 = 4*v - 0*c, 0 = -4*v - k*c + 263. What is the tens digit of v?
6
Suppose 1397357 = 128*f - 2861595 - 390776. What is the tens digit of f?
2
Let t(n) = -n**2 - 138*n + 105. What is the hundreds digit of t(-58)?
7
Let n be (-414)/(-22) + (-4)/(-22). Suppose 3861 = n*m - 6*m. What is the hundreds digit of m?
2
Let u = 9906 + 6219. What is the units digit of u?
5
Suppose 7*r + 2011 = 18587. What is the hundreds digit of r?
3
Let o(k) = -41*k + 49. Let h be o(-11). Suppose h + 151 = -21*z. Let w = z + 106. What is the tens digit of w?
7
Suppose -6*d + 5*d - t = -978, 2*t = 3*d - 2959. Let a = d + -414. What is the tens digit of a?
6
Let v(q) be the third derivative of q**5/60 - q**4/12 + 11*q**3/6 - 6*q**2. Let l be v(-10). What is the units digit of 1*-2*l/(-2)?
1
Let g(y) = -16*y - 657. Let z be g(0). Let m = -308 - z. What is the hundreds digit of m?
3
What is the tens digit of ((-435)/(-58))/((-3)/(-2154))?
8
Let g(v) = v**2 - 5*v - 12. Let x = 114 - 107. Let k be g(x). What is the units digit of (-3 + -1)/(k/(-26))?
2
What is the hundreds digit of 1406*60/40*((-20)/(-6) + -1)?
9
What is the units digit of (18/8)/((-78)/(-124592))?
4
Let u = -199 + 379. Let j = 290 - u. What is the hundreds digit of j?
1
Let d be 11/((-572)/(-169)) - (-2)/(-8). Suppose d*x - l - 2174 = 0, -3*x + x = 2*l - 1460. What is the hundreds digit of x?
7
Suppose -29 + 23 = 6*f. What is the tens digit of 854 + -123 - (5/1 + f)?
2
Suppose 0*i + 63 = 2*i + 3*r, 0 = -4*r + 20. Suppose -20*b + 156 = -i*b. What is the units digit of 6/(-8) + b/(-4)?
9
Suppose -4*w + 13 = 33. Let g be 3 - ((-1 - w) + -3). What is the hundreds digit of (0 + (g - -9))*11?
1
Suppose 339*h + 345*h - 27680 = 683*h. What is the units digit of h?
0
Let a = -19413 - -44709. What is the thousands digit of a?
5
Let w(i) = 2*i**2 - 83*i - 140. What is the hundreds digit of w(-48)?
4
What is the tens digit of ((-51)/9 - -7)*876/2?
8
Let n(v) = -2*v**2 - 6*v - 6. Let